{"id":5335,"date":"2024-03-21T12:34:26","date_gmt":"2024-03-21T11:34:26","guid":{"rendered":"https:\/\/www.camping-cote-dargent.com\/alentours\/vertheuil\/"},"modified":"2026-01-14T10:37:53","modified_gmt":"2026-01-14T09:37:53","slug":"vertheuil","status":"publish","type":"alentours","link":"https:\/\/www.camping-cote-dargent.com\/de\/alentours\/vertheuil\/","title":{"rendered":"Vertheuil"},"content":{"rendered":"\n<div class=\"is-layout-flow wp-block-group alignfull diaporama-header\">\n<figure class=\"is-layout-flex wp-block-gallery-1 wp-block-gallery has-nested-images columns-default is-cropped fc-auto\">\n<figure class=\"wp-block-image size-full fc-auto\"><img decoding=\"async\" width=\"1920\" height=\"768\" src=\"https:\/\/www.camping-cote-dargent.com\/wp-content\/uploads\/2024\/03\/image-4-1.jpg\" alt=\"\" class=\"wp-image-3902\" srcset=\"https:\/\/www.camping-cote-dargent.com\/wp-content\/uploads\/2024\/03\/image-4-1.jpg 1920w, https:\/\/www.camping-cote-dargent.com\/wp-content\/uploads\/2024\/03\/image-4-1-300x120.jpg 300w, https:\/\/www.camping-cote-dargent.com\/wp-content\/uploads\/2024\/03\/image-4-1-1024x410.jpg 1024w, https:\/\/www.camping-cote-dargent.com\/wp-content\/uploads\/2024\/03\/image-4-1-768x307.jpg 768w, https:\/\/www.camping-cote-dargent.com\/wp-content\/uploads\/2024\/03\/image-4-1-1536x614.jpg 1536w\" sizes=\"(max-width: 1920px) 100vw, 1920px\" title=\"\"><\/figure>\n<\/figure>\n\n\n\n<div class=\"is-layout-constrained wp-block-group\">\n<div class=\"is-content-justification-center is-layout-flex wp-container-3 wp-block-buttons\">\n<div class=\"wp-block-button btn_resa\"><a class=\"wp-block-button__link has-bleufonce-color has-bleuclair-background-color has-text-color has-background wp-element-button\">Buchen Sie Ihren Aufenthalt<\/a><\/div>\n<\/div>\n<\/div>\n<\/div>\n\n<div class=\"is-layout-flex wp-container-11 wp-block-columns C-10 vague-jaune\">\n<div class=\"is-layout-flow wp-block-column col-texte\">\n<p><a href=\"https:\/\/www.camping-cote-dargent.com\/de\/5-sterne-campingplatz-in-der-gironde\/\" data-type=\"page\" data-id=\"128\"><span class=\"fc-icon arrow-left-light\"><\/span>  Zur\u00fcck zur Umgebung<\/a><\/p>\n\n\n\n<h2 class=\"h1 has-orange-color has-text-color\">Camping in der N\u00e4he von Vertheuil: <span class=\"fc-span\">eine perfekte Wahl f\u00fcr einen Urlaub im Herzen der Gironde<\/span><\/h2>\n\n\n\n<p><strong>Vertheuil<\/strong> ist eines der <strong>sch\u00f6nsten D\u00f6rfer im M\u00e9doc<\/strong>, einem Teil der <a href=\"https:\/\/www.camping-cote-dargent.com\/de\/5-sterne-campingplatz-in-der-gironde\/\" data-type=\"page\" data-id=\"128\">Gironde<\/a>, der vor allem f\u00fcr seine prestigetr\u00e4chtigen Weinberge bekannt ist. Vertheuil und seine Umgebung sind ein ideales Urlaubsziel. Genie\u00dfen Sie die N\u00e4he zum Ozean, den S\u00fcmpfen, der<strong>M\u00fcndung der Gironde<\/strong> und den Weinbergen, soweit das Auge reicht.<\/p>\n\n\n\n<h2 class=\"h3 has-bleu-color has-text-color\">Vertheuil, ein au\u00dfergew\u00f6hnliches Dorf im M\u00e9doc<\/h2>\n\n\n\n<p>Besuchen Sie w\u00e4hrend Ihres <strong>Urlaubs im M\u00e9doc<\/strong> das <strong>charmante Dorf Vertheuil<\/strong>, das 30 Kilometer vom Campingplatz La C\u00f4te d&#8217;Argent entfernt liegt. Diese Gemeinde im M\u00e9doc verf\u00fcgt \u00fcber ein reiches Erbe an Geb\u00e4uden und Natur.<\/p>\n\n\n\n<div class=\"wp-block-fc-gut-lire-plus fc-desk\">\n<p>Lesen Sie mehr<\/p>\n\n\n\n<div class=\"is-layout-flow wp-block-group\">\n<p>Entdecken Sie die \u00dcberreste des Schlosses aus dem XI\u1d49 Jahrhundert und seinen Bergfried, der der \u00e4lteste in der Region ist. Jahrhundert, die auf einer gallo-r\u00f6mischen Stelle errichtet wurde. Dieses religi\u00f6se Geb\u00e4ude mit seiner sch\u00f6nen Architektur ist im Juli und August von 13.00 bis 19.00 Uhr f\u00fcr Besucher ge\u00f6ffnet. Im Inneren der Abtei gibt es ein <strong>kleines Automatenmuseum<\/strong>. Bewundern Sie die handgeformten und altmodisch bemalten Figuren, die Szenen aus dem t\u00e4glichen Leben darstellen.<\/p>\n\n\n\n<p><strong>Vertheuil<\/strong> ist aufgrund seiner privilegierten Lage inmitten der Weinberge f\u00fcr den Weintourismus geeignet. Entdecken Sie die <strong>Weing\u00fcter von Vertheuil<\/strong>, die als <strong>Haut-M\u00e9doc AOC<\/strong> klassifiziert sind, wie das <strong>Ch\u00e2teau Haut-Gouat<\/strong>, das Ch\u00e2teau <strong>Ferr\u00e9<\/strong> oder auch das Ch\u00e2teau <strong>Le Bourdieu<\/strong>. Au\u00dferdem bietet das Gebiet von Vertheuillais drei Wanderrouten, die durch die Weinberge, die S\u00fcmpfe und verschiedene Sehensw\u00fcrdigkeiten f\u00fchren.<\/p>\n<\/div>\n<\/div>\n<\/div>\n\n\n\n<div class=\"is-layout-flow wp-block-column col-images\">\n<figure class=\"is-layout-flex wp-block-gallery-8 wp-block-gallery has-nested-images columns-1 is-cropped fc-full\">\n<figure class=\"wp-block-image size-full fc-auto\"><img decoding=\"async\" width=\"900\" height=\"600\" src=\"https:\/\/www.camping-cote-dargent.com\/wp-content\/uploads\/2024\/03\/ado_abbaye-vertheuil.jpg\" alt=\"\" class=\"wp-image-3548\" srcset=\"https:\/\/www.camping-cote-dargent.com\/wp-content\/uploads\/2024\/03\/ado_abbaye-vertheuil.jpg 900w, https:\/\/www.camping-cote-dargent.com\/wp-content\/uploads\/2024\/03\/ado_abbaye-vertheuil-300x200.jpg 300w, https:\/\/www.camping-cote-dargent.com\/wp-content\/uploads\/2024\/03\/ado_abbaye-vertheuil-768x512.jpg 768w\" sizes=\"(max-width: 900px) 100vw, 900px\" title=\"\"><\/figure>\n\n\n\n<figure class=\"wp-block-image size-full fc-auto\"><img decoding=\"async\" width=\"1024\" height=\"682\" src=\"https:\/\/www.camping-cote-dargent.com\/wp-content\/uploads\/2024\/03\/20092017-bchq8826-1024x682-2.jpg\" alt=\"\" class=\"wp-image-4563\" srcset=\"https:\/\/www.camping-cote-dargent.com\/wp-content\/uploads\/2024\/03\/20092017-bchq8826-1024x682-2.jpg 1024w, https:\/\/www.camping-cote-dargent.com\/wp-content\/uploads\/2024\/03\/20092017-bchq8826-1024x682-2-300x200.jpg 300w, https:\/\/www.camping-cote-dargent.com\/wp-content\/uploads\/2024\/03\/20092017-bchq8826-1024x682-2-768x512.jpg 768w\" sizes=\"(max-width: 1024px) 100vw, 1024px\" title=\"\"><\/figure>\n<\/figure>\n<\/div>\n<\/div>\n\n<div class=\"is-layout-flex wp-container-14 wp-block-columns\">\n<div class=\"is-layout-flow wp-block-column\">\n<h2>Vielf\u00e4ltige Aktivit\u00e4ten in der Umgebung von Vertheuil<\/h2>\n\n\n\n<p>In weniger als 30 km Entfernung <strong>von Vertheuil<\/strong> k\u00f6nnen Sie die sch\u00f6nsten Orte des M\u00e9doc entdecken. Dies beginnt mit dem <a href=\"https:\/\/www.camping-cote-dargent.com\/de\/alentours\/regionaler-naturpark-medoc\/\" data-type=\"alentours\" data-id=\"166\">Regionalen Naturpark M\u00e9doc<\/a>, zu dem das Dorf Vertheuil geh\u00f6rt. Dieses nat\u00fcrliche und gesch\u00fctzte Gebiet l\u00e4dt zu Wanderungen auf den markierten Wegen ein.<\/p>\n\n\n\n<p>Ein Campingaufenthalt in der N\u00e4he von Vertheuil ist auch eine gute Gelegenheit, die <a href=\"https:\/\/www.camping-cote-dargent.com\/de\/alentours\/weinbaugebiet-medoc\/\" data-type=\"alentours\" data-id=\"170\">ber\u00fchmten Weinappellationen des M\u00e9doc<\/a> zu entdecken. Im <strong>Ch\u00e2teau Le Crock<\/strong> k\u00f6nnen Sie in die Welt dieses au\u00dfergew\u00f6hnlichen Cru Bourgeois in <a href=\"https:\/\/www.camping-cote-dargent.com\/de\/alentours\/saint-estephe\/\" data-type=\"alentours\" data-id=\"160\">Saint-Est\u00e8phe<\/a> eintauchen, ein Name, der Liebhabern von guten Weinen wohlbekannt ist. Ab Juni \u00f6ffnet dieses Weingut seine T\u00fcren f\u00fcr einen Besuch und eine Weinprobe.<\/p>\n\n\n\n<p>Verpassen Sie auch nicht einen Spaziergang nach <strong>Saint-Vivien de M\u00e9doc<\/strong>, einem typischen Dorf mit einem charmanten Hafen. Besuchen Sie dann <a href=\"https:\/\/www.camping-cote-dargent.com\/de\/alentours\/pauillac\/\" data-type=\"alentours\" data-id=\"158\">Pauillac<\/a>, die Weinhauptstadt des M\u00e9doc mit seinen 18 klassifizierten Grand Crus. Genie\u00dfen Sie die Aussicht von den Kais auf die M\u00fcndung<strong>der Gironde<\/strong> und die<strong>Insel Patiras<\/strong>. Etwas weiter n\u00f6rdlich bietet der <strong>Hafen von La Goul\u00e9e<\/strong> ebenfalls einen bemerkenswerten Blick auf die M\u00fcndung. F\u00fcr einen Familienausflug besuchen Sie den <strong>Animalia Parc<\/strong> in <a href=\"https:\/\/www.medoc-atlantique.com\/13-communes-1001-possibilites\/naujac-sur-mer\/\" target=\"_blank\" rel=\"noreferrer noopener\">Naujac-sur-Mer<\/a>. Dieser \u00fcbersichtliche Tierpark ist von M\u00e4rz bis November ge\u00f6ffnet. Entdecken Sie im <strong>Herzen des M\u00e9doc<\/strong> \u00fcber 250 Arten, von denen einige vom Aussterben bedroht sind. Entdecken Sie schlie\u00dflich <strong>Hourtin und seinen See<\/strong>, den gr\u00f6\u00dften S\u00fc\u00dfwassersee Frankreichs. Diese Wasserfl\u00e4che bietet eine Vielzahl von Wasser- und Sportaktivit\u00e4ten in einer sch\u00f6nen Umgebung.<\/p>\n<\/div>\n\n\n\n<div class=\"is-layout-flow wp-block-column\">\n<h2>Ein Aufenthalt auf einem Campingplatz in der N\u00e4he von Vertheuil<\/h2>\n\n\n\n<p>Kommen Sie auf den <strong>Campingplatz La C\u00f4te d&#8217;Argent in der N\u00e4he von Vertheuil<\/strong>, nur 30 km von diesem Dorf entfernt. Verbringen Sie einen unvergesslichen Aufenthalt auf diesem <strong>5-Sterne-Campingplatz<\/strong>, der nur 300 Meter vom Strand entfernt und in der N\u00e4he des <strong>Sees von Hourtin<\/strong> liegt. In einer idyllischen Umgebung, im Herzen eines Kiefernwaldes, w\u00e4hlen Sie Ihre Ferienunterkunft aus einer gro\u00dfen Anzahl von Unterk\u00fcnften mit allem Komfort (Mobilheime\/Cottages verschiedener Kategorien oder Stellpl\u00e4tze inmitten der Natur). Profitieren Sie au\u00dferdem von einem au\u00dfergew\u00f6hnlichen Wasserpark: 9.000 m\u00b2, die ganz den Wasserfreuden gewidmet sind, mit beheizten Pools, Rutschen, XXL-Whirlpool usw. Zweifellos werden Sie einen angenehmen Aufenthalt auf dem <strong>Campingplatz in der N\u00e4he von Vertheuil<\/strong> verbringen.<\/p>\n<\/div>\n<\/div>\n","protected":false},"template":"","meta":[],"acf":[],"_links":{"self":[{"href":"https:\/\/www.camping-cote-dargent.com\/de\/wp-json\/wp\/v2\/alentours\/5335"}],"collection":[{"href":"https:\/\/www.camping-cote-dargent.com\/de\/wp-json\/wp\/v2\/alentours"}],"about":[{"href":"https:\/\/www.camping-cote-dargent.com\/de\/wp-json\/wp\/v2\/types\/alentours"}],"wp:attachment":[{"href":"https:\/\/www.camping-cote-dargent.com\/de\/wp-json\/wp\/v2\/media?parent=5335"}],"curies":[{"name":"wp","href":"https:\/\/api.w.org\/{rel}","templated":true}]}}

<div class="is-layout-flow wp-block-group alignfull diaporama-header">
<figure class="is-layout-flex wp-block-gallery-1 wp-block-gallery has-nested-images columns-default is-cropped fc-auto">
<figure class="wp-block-image size-full fc-auto"><img decoding="async" width="1920" height="768" src="https://www.camping-cote-dargent.com/wp-content/uploads/2024/03/image-4-1.jpg" alt="" class="wp-image-3902" srcset="https://www.camping-cote-dargent.com/wp-content/uploads/2024/03/image-4-1.jpg 1920w, https://www.camping-cote-dargent.com/wp-content/uploads/2024/03/image-4-1-300x120.jpg 300w, https://www.camping-cote-dargent.com/wp-content/uploads/2024/03/image-4-1-1024x410.jpg 1024w, https://www.camping-cote-dargent.com/wp-content/uploads/2024/03/image-4-1-768x307.jpg 768w, https://www.camping-cote-dargent.com/wp-content/uploads/2024/03/image-4-1-1536x614.jpg 1536w" sizes="(max-width: 1920px) 100vw, 1920px" title=""></figure>
</figure>



<div class="is-layout-constrained wp-block-group">
<div class="is-content-justification-center is-layout-flex wp-container-3 wp-block-buttons">
<div class="wp-block-button btn_resa"><a class="wp-block-button__link has-bleufonce-color has-bleuclair-background-color has-text-color has-background wp-element-button">Buchen Sie Ihren Aufenthalt</a></div>
</div>
</div>
</div>

<div class="is-layout-flex wp-container-11 wp-block-columns C-10 vague-jaune">
<div class="is-layout-flow wp-block-column col-texte">
<p><a href="https://www.camping-cote-dargent.com/de/5-sterne-campingplatz-in-der-gironde/" data-type="page" data-id="128"><span class="fc-icon arrow-left-light"></span>  Zurück zur Umgebung</a></p>



<h2 class="h1 has-orange-color has-text-color">Camping in der Nähe von Vertheuil: <span class="fc-span">eine perfekte Wahl für einen Urlaub im Herzen der Gironde</span></h2>



<p><strong>Vertheuil</strong> ist eines der <strong>schönsten Dörfer im Médoc</strong>, einem Teil der <a href="https://www.camping-cote-dargent.com/de/5-sterne-campingplatz-in-der-gironde/" data-type="page" data-id="128">Gironde</a>, der vor allem für seine prestigeträchtigen Weinberge bekannt ist. Vertheuil und seine Umgebung sind ein ideales Urlaubsziel. Genießen Sie die Nähe zum Ozean, den Sümpfen, der<strong>Mündung der Gironde</strong> und den Weinbergen, soweit das Auge reicht.</p>



<h2 class="h3 has-bleu-color has-text-color">Vertheuil, ein außergewöhnliches Dorf im Médoc</h2>



<p>Besuchen Sie während Ihres <strong>Urlaubs im Médoc</strong> das <strong>charmante Dorf Vertheuil</strong>, das 30 Kilometer vom Campingplatz La Côte d&#8217;Argent entfernt liegt. Diese Gemeinde im Médoc verfügt über ein reiches Erbe an Gebäuden und Natur.</p>



<div class="wp-block-fc-gut-lire-plus fc-desk">
<p>Lesen Sie mehr</p>



<div class="is-layout-flow wp-block-group">
<p>Entdecken Sie die Überreste des Schlosses aus dem XIᵉ Jahrhundert und seinen Bergfried, der der älteste in der Region ist. Jahrhundert, die auf einer gallo-römischen Stelle errichtet wurde. Dieses religiöse Gebäude mit seiner schönen Architektur ist im Juli und August von 13.00 bis 19.00 Uhr für Besucher geöffnet. Im Inneren der Abtei gibt es ein <strong>kleines Automatenmuseum</strong>. Bewundern Sie die handgeformten und altmodisch bemalten Figuren, die Szenen aus dem täglichen Leben darstellen.</p>



<p><strong>Vertheuil</strong> ist aufgrund seiner privilegierten Lage inmitten der Weinberge für den Weintourismus geeignet. Entdecken Sie die <strong>Weingüter von Vertheuil</strong>, die als <strong>Haut-Médoc AOC</strong> klassifiziert sind, wie das <strong>Château Haut-Gouat</strong>, das Château <strong>Ferré</strong> oder auch das Château <strong>Le Bourdieu</strong>. Außerdem bietet das Gebiet von Vertheuillais drei Wanderrouten, die durch die Weinberge, die Sümpfe und verschiedene Sehenswürdigkeiten führen.</p>
</div>
</div>
</div>



<div class="is-layout-flow wp-block-column col-images">
<figure class="is-layout-flex wp-block-gallery-8 wp-block-gallery has-nested-images columns-1 is-cropped fc-full">
<figure class="wp-block-image size-full fc-auto"><img decoding="async" width="900" height="600" src="https://www.camping-cote-dargent.com/wp-content/uploads/2024/03/ado_abbaye-vertheuil.jpg" alt="" class="wp-image-3548" srcset="https://www.camping-cote-dargent.com/wp-content/uploads/2024/03/ado_abbaye-vertheuil.jpg 900w, https://www.camping-cote-dargent.com/wp-content/uploads/2024/03/ado_abbaye-vertheuil-300x200.jpg 300w, https://www.camping-cote-dargent.com/wp-content/uploads/2024/03/ado_abbaye-vertheuil-768x512.jpg 768w" sizes="(max-width: 900px) 100vw, 900px" title=""></figure>



<figure class="wp-block-image size-full fc-auto"><img decoding="async" width="1024" height="682" src="https://www.camping-cote-dargent.com/wp-content/uploads/2024/03/20092017-bchq8826-1024x682-2.jpg" alt="" class="wp-image-4563" srcset="https://www.camping-cote-dargent.com/wp-content/uploads/2024/03/20092017-bchq8826-1024x682-2.jpg 1024w, https://www.camping-cote-dargent.com/wp-content/uploads/2024/03/20092017-bchq8826-1024x682-2-300x200.jpg 300w, https://www.camping-cote-dargent.com/wp-content/uploads/2024/03/20092017-bchq8826-1024x682-2-768x512.jpg 768w" sizes="(max-width: 1024px) 100vw, 1024px" title=""></figure>
</figure>
</div>
</div>

<div class="is-layout-flex wp-container-14 wp-block-columns">
<div class="is-layout-flow wp-block-column">
<h2>Vielfältige Aktivitäten in der Umgebung von Vertheuil</h2>



<p>In weniger als 30 km Entfernung <strong>von Vertheuil</strong> können Sie die schönsten Orte des Médoc entdecken. Dies beginnt mit dem <a href="https://www.camping-cote-dargent.com/de/alentours/regionaler-naturpark-medoc/" data-type="alentours" data-id="166">Regionalen Naturpark Médoc</a>, zu dem das Dorf Vertheuil gehört. Dieses natürliche und geschützte Gebiet lädt zu Wanderungen auf den markierten Wegen ein.</p>



<p>Ein Campingaufenthalt in der Nähe von Vertheuil ist auch eine gute Gelegenheit, die <a href="https://www.camping-cote-dargent.com/de/alentours/weinbaugebiet-medoc/" data-type="alentours" data-id="170">berühmten Weinappellationen des Médoc</a> zu entdecken. Im <strong>Château Le Crock</strong> können Sie in die Welt dieses außergewöhnlichen Cru Bourgeois in <a href="https://www.camping-cote-dargent.com/de/alentours/saint-estephe/" data-type="alentours" data-id="160">Saint-Estèphe</a> eintauchen, ein Name, der Liebhabern von guten Weinen wohlbekannt ist. Ab Juni öffnet dieses Weingut seine Türen für einen Besuch und eine Weinprobe.</p>



<p>Verpassen Sie auch nicht einen Spaziergang nach <strong>Saint-Vivien de Médoc</strong>, einem typischen Dorf mit einem charmanten Hafen. Besuchen Sie dann <a href="https://www.camping-cote-dargent.com/de/alentours/pauillac/" data-type="alentours" data-id="158">Pauillac</a>, die Weinhauptstadt des Médoc mit seinen 18 klassifizierten Grand Crus. Genießen Sie die Aussicht von den Kais auf die Mündung<strong>der Gironde</strong> und die<strong>Insel Patiras</strong>. Etwas weiter nördlich bietet der <strong>Hafen von La Goulée</strong> ebenfalls einen bemerkenswerten Blick auf die Mündung. Für einen Familienausflug besuchen Sie den <strong>Animalia Parc</strong> in <a href="https://www.medoc-atlantique.com/13-communes-1001-possibilites/naujac-sur-mer/" target="_blank" rel="noreferrer noopener">Naujac-sur-Mer</a>. Dieser übersichtliche Tierpark ist von März bis November geöffnet. Entdecken Sie im <strong>Herzen des Médoc</strong> über 250 Arten, von denen einige vom Aussterben bedroht sind. Entdecken Sie schließlich <strong>Hourtin und seinen See</strong>, den größten Süßwassersee Frankreichs. Diese Wasserfläche bietet eine Vielzahl von Wasser- und Sportaktivitäten in einer schönen Umgebung.</p>
</div>



<div class="is-layout-flow wp-block-column">
<h2>Ein Aufenthalt auf einem Campingplatz in der Nähe von Vertheuil</h2>



<p>Kommen Sie auf den <strong>Campingplatz La Côte d&#8217;Argent in der Nähe von Vertheuil</strong>, nur 30 km von diesem Dorf entfernt. Verbringen Sie einen unvergesslichen Aufenthalt auf diesem <strong>5-Sterne-Campingplatz</strong>, der nur 300 Meter vom Strand entfernt und in der Nähe des <strong>Sees von Hourtin</strong> liegt. In einer idyllischen Umgebung, im Herzen eines Kiefernwaldes, wählen Sie Ihre Ferienunterkunft aus einer großen Anzahl von Unterkünften mit allem Komfort (Mobilheime/Cottages verschiedener Kategorien oder Stellplätze inmitten der Natur). Profitieren Sie außerdem von einem außergewöhnlichen Wasserpark: 9.000 m², die ganz den Wasserfreuden gewidmet sind, mit beheizten Pools, Rutschen, XXL-Whirlpool usw. Zweifellos werden Sie einen angenehmen Aufenthalt auf dem <strong>Campingplatz in der Nähe von Vertheuil</strong> verbringen.</p>
</div>
</div>
